e highest common factor of 29 and w?
29
Let g be 3/2*(-136)/(-6). Let y(b) = b**3 + 7*b**2 + 21*b - 6. Let l be y(-9). Let m be ((-20)/(-6))/(14/l*-1). What is the greatest common divisor of g and m?
17
Let b = -1525 - -1565. What is the greatest common factor of b and 980?
20
Let y(x) = 2*x**2 - 26*x + 51. Let w = 180 - 161. Let k be y(w). Calculate the highest common factor of 31 and k.
31
Suppose 0 = 4*s + 25 + 15. Let b = 15 - s. Let i be b - 3/((-12)/8). What is the highest common factor of i and 3?
3
Suppose 2*g - 215 = -5*n, -5*n + 5*g = -247 - 3. What is the greatest common divisor of n and 95?
5
Suppose -23*t - 316 - 29 = 0. Let v(h) = h**2 - 2*h - 7. Let n be v(6). Let a = t + n. What is the greatest common factor of 8 and a?
2
Let g(l) = 2*l**2 + 9*l + 2. Let n be g(-6). Suppose -3162 - 3218 = -29*x. What is the highest common divisor of n and x?
20
Let a be (-5 - -3)/(3/(-201)*2). Suppose -3*p - 2*p = 5*n - 245, 5*n + a = p. Calculate the highest common divisor of p and 13.
13
Let m = -39 + 43. Suppose -3*z + g + 121 = 0, -z - 6*g + 45 = -m*g. What is the greatest common factor of z and 164?
41
Suppose 0 = -9*o + 4*o + 945. Let g = 231 + o. Calculate the highest common factor of g and 42.
42
Let a = -375 - -387. Calculate the highest common factor of a and 51.
3
Let p(m) = 3*m**3 + 2*m**2 + 2*m - 1. Let z be p(2). Let i = z + -33. What is the highest common factor of 2 and i?
2
Suppose 7*b - 2232 = 4264. What is the highest common divisor of 348 and b?
116
Let z be (-64)/((-210)/200 + 1). What is the highest common divisor of 10 and z?
10
Let y = 97 + -93. Suppose 3*o - 2*o = 3*g + 70, o - y*g = 75. What is the greatest common factor of o and 110?
55
Let s be 317/6 - 154/(-132). Calculate the highest common factor of 459 and s.
27
Suppose 5*s - 337 = 3*z, -4*z = s - 3*z - 61. Let x be -1*(2 + -3) - -7. Let p be 2 - (-4 + 1 - x). What is the highest common divisor of s and p?
13
Let s = -60 - -152. Calculate the greatest common divisor of s and 322.
46
Suppose 0 = v - 5*v - 5*a + 545, 4*v + 4*a = 548. What is the highest common factor of v and 40?
20
Suppose -532 = -79*l + 77*l. Suppose -4*v + 6*v = 4*c - l, c + 4*v - 80 = 0. Calculate the highest common factor of c and 17.
17
Let p = -457 + 562. Calculate the highest common factor of p and 15.
15
Suppose -v - v = -16. Calculate the greatest common divisor of v and 24.
8
Suppose -12*o = -9*o + 4*d - 64, -2*o = -3*d - 20. Calculate the greatest common divisor of 44 and o.
4
Suppose 4*z - 12 = z. Suppose p = -z*w + 22, 2*p - 3*w - 5 = 2*w. Let j be (-304)/(-6) + (-6 - (-48)/9). Calculate the greatest common divisor of p and j.
10
Suppose 0 = 5*q - x - 16, -4*x = -5*q - 2*x + 12. Suppose q*p = p + 3, r - 101 = 4*p. Suppose 0 = 7*u - 3*u - 60. What is the highest common divisor of r and u?
15
Let b be (-23 - -3)*(-63)/(-12). Let d(g) = g**2 - 7*g + 3. Let h be d(6). Let c be h/12 + b/(-4). What is the highest common divisor of c and 26?
26
Let u(l) = -l**3 - 29. Let x be u(0). Let f = 11 + x. Let s be 32/(-24)*f/4. Calculate the highest common divisor of 6 and s.
6
Suppose -1105 = 22*r - 4471. Calculate the greatest common factor of r and 17.
17
Suppose 9*c = 6*c - 228. Let q = c + 112. Suppose -5*v = -74 - q. What is the greatest common divisor of 11 and v?
11
Let j be -1 + 21 + 3/(-3). Suppose -2*y + 5*a = -j, -2*y = a - 5*a - 16. Calculate the greatest common divisor of y and 14.
2
Suppose 5*q + 4*g - 240 = -g, 3*g - 92 = -2*q. Calculate the greatest common divisor of 39 and q.
13
Suppose -15*f + 471 = -249. Calculate the greatest common divisor of f and 156.
12
Let q(g) = -22*g - 3*g**3 + 3 - 2*g**2 + 5*g + 13*g**2 + 14*g**2. Let j be q(7). What is the highest common factor of 40 and j?
40
Let d be (25 - 26)/(4/(-156)). What is the highest common divisor of 2379 and d?
39
Suppose -4*u = 2*w - 0*u - 112, 5*w - 304 = -4*u. Let l = w + 35. What is the greatest common factor of l and 9?
9
Suppose -3*o + 344 = 2*a, -6*o + 8*o = -a + 228. Calculate the highest common factor of 952 and o.
56
Let u(d) = -5*d**2 - 25*d + 13. Let r be u(-8). Let p = -87 - r. What is the greatest common factor of p and 40?
20
Suppose 357 = 8*r - 483. What is the highest common divisor of r and 140?
35
Let u(f) = 2336*f**2 + 26*f + 27. Let z be u(-1). Calculate the greatest common factor of 57 and z.
57
Let l(m) = m**3 - 16*m**2 + 15*m + 2. Let y be l(15). Suppose -5*o + y*g = -45 - 1, -2*g - 16 = -2*o. Calculate the greatest common divisor of o and 2.
2
Let h be 2/(-1)*34*11/(2 + -46). Suppose 0*l + 2*l - 5*v - 190 = 0, -3*l + 5*v + 275 = 0. What is the highest common factor of l and h?
17
Let k = 5 + -6. Let i be k + 5 + 0 + 1. Suppose -3*m + 53 = i*y - y, -3*m = 15. What is the highest common factor of y and 85?
17
Suppose -22*s + 27*s - 15 = 0. Suppose s*f = -3*l + 132, 2*l - 23 - 57 = -4*f. Let a be 27/12*(-16)/(-6). Calculate the highest common divisor of l and a.
6
Let u be (-28)/35*(-2050)/(-4). Let p be (-30)/45 - u/(-6). Let n = p - -181. What is the greatest common factor of 16 and n?
16
Let h be 24/(-28)*(-9 - -2). Let m be 3 + -2 + h + -2. What is the highest common divisor of 1 and m?
1
Suppose -2*z + 3 = -25. Suppose -19*j = -17*j - z. Calculate the greatest common factor of j and 77.
7
Let v = -19 + 20. Let g be v - 4 - -6 - -240. Suppose 1188 = 5*h + g. What is the greatest common divisor of h and 21?
21
Let g(k) = 3*k**2 + 9*k - 8. Let b be g(-4). What is the greatest common divisor of 26 and b?
2
Suppose -q - 39 - 14 = -u, 4*u = 2*q + 218. What is the highest common factor of 24 and u?
8
Let p = -13 - -56. Suppose -p = -4*c - v, 51 = 3*c - 2*v - v. Let z = -28 + 34. What is the greatest common divisor of c and z?
6
Let o = -1042 + 1060. Suppose -3*g = 5*j - 189, 0 = g - j + 4*j - 63. Calculate the greatest common factor of o and g.
9
Let h(q) = 22*q - 78. Let x be h(11). Calculate the highest common factor of 41 and x.
41
Let h(q) = -q - 4. Let v be h(-7). Suppose 0 = y + v - 13. Suppose y = -5*p, 5*c + 4*p = -0*c + 47. What is the highest common factor of 44 and c?
11
Let w(d) = -5*d + 19. Let h be w(-8). Let p = -13 + h. Calculate the greatest common factor of p and 115.
23
Suppose 2*r + 10 = -0*r, 2*r + 10 = 5*i. Suppose -2*l + 0*l + 252 = i. Suppose 0*y = 5*y - 90. Calculate the highest common divisor of y and l.
18
Let d(h) = -h**3 - h**2 - 10. Let r be d(-3). Suppose -5*s + 4*s + 56 = 0. What is the greatest common factor of s and r?
8
Suppose -2*g + 14 + 10 = 0. Suppose 0 = o + h - 16, 0 = -2*o - 4*h + g + 14. Calculate the greatest common divisor of 38 and o.
19
Suppose 0 = -10*i + 6*i + 12. Let a be 12/i + 0/(-2). Calculate the highest common factor of 4 and a.
4
Let w be (-45)/(-18)*(-12)/(-5). Suppose w*d = -499 + 1279. Calculate the greatest common factor of 52 and d.
26
Let d = 10 - -20. Let r = -11 + 15. Let n be ((-10)/(-3))/(r/18). What is the greatest common factor of d and n?
15
Suppose 5*t = -3*r + 45, -t + 2*r + 32 = -2*r. Let p be t/24*(-14 - 0). Let l = 16 + p. What is the highest common factor of l and 1?
1
Suppose 34 = a - w - 3*w, 5*w + 110 = 5*a. Suppose -417*v + 122 + 1048 = -391*v. What is the greatest common factor of a and v?
9
Let v = -41 + 76. Let x(m) = -m + 24. Let d be x(-4). Suppose 27 = 11*a - d. Calculate the greatest common divisor of v and a.
5
Let q be (-30)/8 + (-4)/16. Let r be 29 + (-4)/(1*q). Suppose a + 3*a = 24. Calculate the highest common factor of a and r.
6
Suppose -2*a = 2*d - 6, 6*a = d + 2*a - 3. Suppose -d*w + 461 = -100. Calculate the highest common factor of w and 17.
17
Suppose -5*x + 70 + 5 = 0. Suppose -2*f - 2*p + 96 = 0, -4*f + 5*f = -3*p + 54. Calculate the greatest common divisor of x and f.
15
Let y = 227 + -211. Suppose -16 = -3*c + c. What is the greatest common factor of y and c?
8
Let v = -4 + 5. Suppose z - 2*m + v = 4, 0 = 4*z + 5*m - 12. Suppose 3*p - 86 = -5*d, z*d - 2*d = 1. What is the greatest common factor of 9 and p?
9
Let z(s) = -s**3 - 11*s**2 - s - 11. Let x be z(-11). Suppose -5*k = -5*n - 395, -k = -x*k - 3*n - 77. What is the highest common factor of k and 32?
16
Let t(r) = -8*r - 3. Let n(v) = v**2 - v - 4. Let u be n(0). Let z be t(u). Let a be (4/(-6))/((-4)/174). What is the highest common divisor of 